ist the prime factors of 4283901.
3, 158663
What are the prime factors of 1190540?
2, 5, 13, 19, 241
List the prime factors of 245994.
2, 3, 7, 5857
What are the prime factors of 79865?
5, 15973
What are the prime factors of 86582?
2, 43291
List the prime factors of 208707.
3, 73, 953
List the prime factors of 2488886.
2, 19, 65497
What are the prime factors of 752532?
2, 3, 11, 5701
List the prime factors of 130335.
3, 5, 8689
List the prime factors of 800672.
2, 131, 191
List the prime factors of 1981721.
7, 101, 2803
What are the prime factors of 156802?
2, 78401
What are the prime factors of 9567647?
9567647
List the prime factors of 239800.
2, 5, 11, 109
List the prime factors of 84496.
2, 5281
List the prime factors of 286134.
2, 3, 103, 463
What are the prime factors of 4265970?
2, 3, 5, 53, 2683
What are the prime factors of 539234?
2, 269617
What are the prime factors of 1033491?
3, 344497
List the prime factors of 13180733.
3499, 3767
What are the prime factors of 11001871?
1429, 7699
List the prime factors of 6139638.
2, 3, 4211
List the prime factors of 509063.
509063
List the prime factors of 674787.
3, 224929
List the prime factors of 2079911.
19, 109469
List the prime factors of 14590220.
2, 5, 729511
What are the prime factors of 549435?
3, 5, 36629
What are the prime factors of 33723970?
2, 5, 7, 31, 15541
What are the prime factors of 740513?
740513
List the prime factors of 504327.
3, 168109
List the prime factors of 1367598.
2, 3, 193, 1181
What are the prime factors of 10445953?
7, 19, 78541
List the prime factors of 152150.
2, 5, 17, 179
What are the prime factors of 156109?
156109
What are the prime factors of 612390?
2, 3, 5, 137, 149
What are the prime factors of 6503297?
41, 158617
What are the prime factors of 38661?
3, 7, 263
List the prime factors of 2569388.
2, 41, 15667
List the prime factors of 9881712.
2, 3, 163, 421
List the prime factors of 57757.
7, 37, 223
List the prime factors of 396145.
5, 79229
List the prime factors of 153081.
3, 73, 233
List the prime factors of 3889368.
2, 3, 7, 7717
List the prime factors of 5197050.
2, 3, 5, 11549
What are the prime factors of 66885?
3, 5, 7, 13
What are the prime factors of 7700604?
2, 3, 79, 8123
What are the prime factors of 103667?
83, 1249
List the prime factors of 22407837.
3, 7469279
What are the prime factors of 1395591?
3, 173, 2689
List the prime factors of 10289912.
2, 1286239
What are the prime factors of 67068?
2, 3, 23
List the prime factors of 10267349.
83, 103, 1201
List the prime factors of 89323.
13, 6871
What are the prime factors of 35091?
3, 7, 557
List the prime factors of 178626.
2, 3, 7, 4253
What are the prime factors of 974605?
5, 19, 10259
What are the prime factors of 92240?
2, 5, 1153
List the prime factors of 182716.
2, 17, 2687
What are the prime factors of 10123695?
3, 5, 367, 613
What are the prime factors of 10995056?
2, 17, 40423
What are the prime factors of 517452?
2, 3, 13, 31, 107
What are the prime factors of 7864151?
7864151
What are the prime factors of 244632?
2, 3, 10193
What are the prime factors of 34292?
2, 8573
What are the prime factors of 1408112?
2, 88007
List the prime factors of 9408028.
2, 7, 277, 1213
List the prime factors of 22954807.
22954807
What are the prime factors of 1324722?
2, 3, 7, 31541
List the prime factors of 9864124.
2, 97, 25423
List the prime factors of 6353848.
2, 794231
What are the prime factors of 9111633?
3, 953, 3187
What are the prime factors of 1775233?
163, 10891
List the prime factors of 1185203.
71, 16693
What are the prime factors of 528309?
3, 17, 1151
What are the prime factors of 49607?
113, 439
List the prime factors of 3398445.
3, 5, 75521
What are the prime factors of 304276?
2, 7, 10867
What are the prime factors of 36533799?
3, 17, 73, 3271
List the prime factors of 162723.
3, 11, 4931
What are the prime factors of 747594?
2, 3, 41, 1013
List the prime factors of 330805.
5, 66161
List the prime factors of 1468157.
347, 4231
List the prime factors of 385939.
385939
List the prime factors of 567907.
29, 19583
What are the prime factors of 5247132?
2, 3, 11, 127, 313
What are the prime factors of 11348263?
19, 31, 19267
What are the prime factors of 1781457?
3, 191, 3109
What are the prime factors of 3463821?
3, 409, 941
List the prime factors of 553198.
2, 276599
What are the prime factors of 424644?
2, 3, 11, 3217
List the prime factors of 120413.
120413
List the prime factors of 213530.
2, 5, 131, 163
What are the prime factors of 221190?
2, 3, 5, 73, 101
List the prime factors of 1077524.
2, 7, 29, 1327
What are the prime factors of 14102440?
2, 5, 11, 32051
What are the prime factors of 283817?
283817
List the prime factors of 307675.
5, 31, 397
What are the prime factors of 20531093?
11, 103, 18121
List the prime factors of 1781613.
3, 197957
What are the prime factors of 5340929?
11, 487, 997
What are the prime factors of 711004?
2, 7, 67, 379
List the prime factors of 9717585.
3, 5, 647839
List the prime factors of 412732.
2, 103183
List the prime factors of 6206791.
6206791
What are the prime factors of 22319519?
53, 421123
What are the prime factors of 12222104?
2, 173, 8831
List the prime factors of 4169793.
3, 47, 29573
List the prime factors of 20017796.
2, 101, 49549
List the prime factors of 491180.
2, 5, 41, 599
What are the prime factors of 13215107?
13215107
What are the prime factors of 6135059?
7, 107, 8191
List the prime factors of 13322077.
97, 137341
What are the prime factors of 217729?
239, 911
List the prime factors of 6766109.
7, 19, 50873
What are the prime factors of 303734?
2, 19, 7993
What are the prime factors of 482099?
482099
List the prime factors of 57959.
11, 479
What are the prime factors of 2748033?
3, 17, 5987
What are the prime factors of 1143263?
11, 37, 53
List the prime factors of 1330565.
5, 53, 5021
What are the prime factors of 534739?
534739
List the prime factors of 1992932.
2, 101, 4933
List the prime factors of 2902198.
2, 13, 111623
What are the prime factors of 847044?
2, 3, 11, 23, 31
List the prime factors of 2133954.
2, 3, 103, 1151
List the prime factors of 10086036.
2, 3, 19, 31, 1427
What are the prime factors of 7163330?
2, 5, 659, 1087
What are the prime factors of 6921278?
2, 7, 13, 17, 2237
What are the prime factors of 17514941?
19, 921839
List the prime factors of 44298.
2, 3, 23, 107
List the prime factors of 345390.
2, 3, 5, 29, 397
List the prime factors of 91974.
2, 3, 15329
List the prime factors of 1738436.
2, 7, 47, 1321
What are the prime factors of 7631?
13, 587
List the prime factors of 1202993.
11, 109363
List the prime factors of 1472159.
13, 31, 281
What are the prime factors of 328431?
3, 83, 1319
List the prime factors of 618005.
5, 123601
List the prime factors of 6609977.
11, 233, 2579
List the prime factors of 664658.
2, 19, 17491
List the prime factors of 330099.
3, 7, 11, 1429
List the prime factors of 2372931.
3, 11, 2179
List the prime factors of 5927935.
5, 13, 91199
List the prime factors of 2595231.
3, 288359
List the prime factors of 3343834.
2, 13, 761
What are the prime factors of 98497?
7, 14071
What are the prime factors of 2543936?
2, 39749
What are the prime factors of 3405337?
13, 41, 6389
List the prime factors of 308076.
2, 3, 25673
What are the prime factors of 26759009?
491, 54499
What are the prime factors of 6529434?
2, 3, 1088239
List the prime factors of 9111936.
2, 3, 61, 389
List the prime factors of 533943.
3, 41, 1447
What are the prime factors of 815440?
2, 5, 10193
What are the prime factors of 4571938?
2, 7, 326567
List the prime factors of 5837489.
7, 833927
List the prime factors of 18404.
2, 43, 107
List the prime factors of 1743780.
2, 3, 5, 29063
List the prime factors of 2090971.
503, 4157
List the prime factors of 170167.
170167
What are the prime factors of 33254?
2, 13, 1279
List the prime factors of 425923.
19, 29, 773
List the prime factors of 2719345.
5, 113, 4813
What are the prime factors of 3245529?
3, 7, 37, 4177
What are the prime factors of 791135?
5, 158227
What are the prime factors of 155496?
2, 3, 11, 19, 31
List the prime factors of 2141940.
2, 3, 5, 29, 1231
List the prime factors of 343296.
2, 3, 149
What are the prime factors of 888200